 is the units digit of 3138038?
8
What is the hundred thousands digit of 14498173?
4
What is the thousands digit of 9279760?
9
What is the units digit of 113254?
4
What is the thousands digit of 1165110?
5
What is the millions digit of 24001986?
4
What is the ten thousands digit of 1422080?
2
What is the ten thousands digit of 6822767?
2
What is the thousands digit of 181341?
1
What is the ten thousands digit of 95815?
9
What is the hundreds digit of 457215?
2
What is the tens digit of 167423?
2
What is the ten thousands digit of 362000?
6
What is the hundreds digit of 41008?
0
What is the units digit of 209729?
9
What is the millions digit of 3117926?
3
What is the hundreds digit of 630310?
3
What is the thousands digit of 96691?
6
What is the hundreds digit of 195586?
5
What is the tens digit of 1186242?
4
What is the tens digit of 2969592?
9
What is the units digit of 806396?
6
What is the tens digit of 751909?
0
What is the tens digit of 14475?
7
What is the tens digit of 10223043?
4
What is the units digit of 337154?
4
What is the tens digit of 1252108?
0
What is the hundreds digit of 326107?
1
What is the thousands digit of 1021344?
1
What is the tens digit of 916919?
1
What is the thousands digit of 5197539?
7
What is the tens digit of 339072?
7
What is the ten thousands digit of 26949217?
4
What is the ten thousands digit of 22713545?
1
What is the tens digit of 4964191?
9
What is the hundred thousands digit of 458578?
4
What is the hundred thousands digit of 13328573?
3
What is the thousands digit of 637141?
7
What is the tens digit of 17451811?
1
What is the ten thousands digit of 9022994?
2
What is the ten thousands digit of 252433?
5
What is the ten thousands digit of 3151767?
5
What is the units digit of 247060?
0
What is the tens digit of 13171273?
7
What is the hundred thousands digit of 412767?
4
What is the units digit of 71285?
5
What is the hundreds digit of 25437?
4
What is the thousands digit of 184551?
4
What is the thousands digit of 504134?
4
What is the tens digit of 686885?
8
What is the units digit of 167146?
6
What is the units digit of 150333?
3
What is the thousands digit of 1549991?
9
What is the ten thousands digit of 5890251?
9
What is the hundred thousands digit of 153526?
1
What is the units digit of 24086?
6
What is the units digit of 1124744?
4
What is the millions digit of 15666675?
5
What is the units digit of 211983?
3
What is the units digit of 1002149?
9
What is the ten thousands digit of 7996975?
9
What is the thousands digit of 3277504?
7
What is the hundreds digit of 404786?
7
What is the tens digit of 16263680?
8
What is the hundreds digit of 18561358?
3
What is the hundred thousands digit of 358568?
3
What is the hundred thousands digit of 3372467?
3
What is the hundred thousands digit of 9522847?
5
What is the hundreds digit of 215864?
8
What is the hundreds digit of 1251414?
4
What is the units digit of 748932?
2
What is the hundreds digit of 1210381?
3
What is the hundred thousands digit of 2829499?
8
What is the units digit of 436168?
8
What is the millions digit of 4268280?
4
What is the tens digit of 48192?
9
What is the thousands digit of 727594?
7
What is the millions digit of 1032752?
1
What is the ten thousands digit of 540533?
4
What is the hundred thousands digit of 3100899?
1
What is the ten thousands digit of 7803438?
0
What is the hundred thousands digit of 4778359?
7
What is the thousands digit of 296694?
6
What is the tens digit of 282396?
9
What is the tens digit of 2369266?
6
What is the thousands digit of 1384236?
4
What is the hundreds digit of 14185220?
2
What is the millions digit of 2100943?
2
What is the units digit of 26164?
4
What is the millions digit of 9650243?
9
What is the hundred thousands digit of 127356?
1
What is the millions digit of 11949344?
1
What is the units digit of 416861?
1
What is the tens digit of 644508?
0
What is the hundreds digit of 6246468?
4
What is the thousands digit of 197275?
7
What is the tens digit of 12688450?
5
What is the units digit of 622187?
7
What is the thousands digit of 30142?
0
What is the tens digit of 3814289?
8
What is the ten thousands digit of 55923?
5
What is the thousands digit of 17118931?
8
What is the millions digit of 7568868?
7
What is the hundred thousands digit of 244449?
2
What is the hundreds digit of 10623893?
8
What is the thousands digit of 838670?
8
What is the thousands digit of 212062?
2
What is the hundred thousands digit of 559307?
5
What is the tens digit of 467753?
5
What is the thousands digit of 608399?
8
What is the tens digit of 201950?
5
What is the hundreds digit of 637005?
0
What is the ten thousands digit of 536051?
3
What is the hundred thousands digit of 298727?
2
What is the units digit of 1028489?
9
What is the tens digit of 231802?
0
What is the hundreds digit of 7206320?
3
What is the hundred thousands digit of 11182047?
1
What is the hundred thousands digit of 1368289?
3
What is the tens digit of 12026336?
3
What is the ten millions digit of 29003520?
2
What is the thousands digit of 3274018?
4
What is the tens digit of 695816?
1
What is the thousands digit of 613888?
3
What is the tens digit of 75017?
1
What is the hundred thousands digit of 485379?
4
What is the tens digit of 23432898?
9
What is the units digit of 2314692?
2
What is the units digit of 12545454?
4
What is the thousands digit of 5033835?
3
What is the ten thousands digit of 42544?
4
What is the hundreds digit of 3448304?
3
What is the hundreds digit of 2027883?
8
What is the units digit of 189197?
7
What is the tens digit of 4201743?
4
What is the ten thousands digit of 4438709?
3
What is the ten thousands digit of 31333?
3
What is the ten thousands digit of 2501803?
0
What is the ten thousands digit of 19325207?
2
What is the hundred thousands digit of 413954?
4
What is the hundreds digit of 621585?
5
What is the tens digit of 285008?
0
What is the hundreds digit of 4596370?
3
What is the units digit of 5033542?
2
What is the tens digit of 217426?
2
What is the hundreds digit of 1400961?
9
What is the units digit of 7902?
2
What is the units digit of 230927?
7
What is the ten thousands digit of 657455?
5
What is the tens digit of 136533?
3
What is the ten thousands digit of 344333?
4
What is the hundred thousands digit of 1379185?
3
What is the tens digit of 652051?
5
What is the units digit of 3052051?
1
What is the ten thousands digit of 16136005?
3
What is the millions digit of 1071678?
1
What is the hundred thousands digit of 31007329?
0
What is the thousands digit of 358214?
8
What is the hundred thousands digit of 4518315?
5
What is the units digit of 1079572?
2
What is the hundreds digit of 92918?
9
What is the ten thousands digit of 856686?
5
What is the hundreds digit of 198287?
2
What is the ten thousands digit of 16020?
1
What is the hundreds digit of 2026143?
1
What is the thousands digit of 289778?
9
What is the thousands digit of 219992?
9
What is the thousands digit of 71188?
1
What is the tens digit of 8833389?
8
What is the units digit of 324018?
8
What is the thousands digit of 3127309?
7
What is the units digit of 2061312?
2
What is the millions digit of 2667462?
2
What is the thousands digit of 10827788?
7
What is the thousands digit of 905084?
5
What is the tens digit of 2235679?
7
What is the thousands digit of 618154?
8
What is the units digit of 235222?
2
What is the ten thousands digit of 36753?
3
What is the ten thousands digit of 636265?
3
What is the ten millions digit of 12203292?
1
What is the units digit of 1514479?
9
What is the thousands digit of 7896583?
6
What is the ten thousands digit of 169025?
6
What is the ten thousands digit of 229945?
2
What is the millions digit of 10335510?
0
What is the tens digit of 338762?
6
What is the tens digit of 268757?
5
What is the units digit of 384714?
4
What is the thousands digit of 14251562?
1
What is the ten thousands digit of 183714?
8
What is the hundred thousands digit of 14017162?
0
What is the hundreds digit of 2642510?
5
What is the ten thousands digit of 72804?
7
What is the hundred thousands digit of 289753?
2
What is the hundred thousands digit of 7679549?
6
What is the units digit of 476336?
6
What is the units digit of 4147389?
9